{"id":177,"date":"2015-07-08T10:37:30","date_gmt":"2015-07-08T10:37:30","guid":{"rendered":"http:\/\/rsc-project.eu\/?page_id=177"},"modified":"2017-10-23T09:36:03","modified_gmt":"2017-10-23T09:36:03","slug":"final-conference","status":"publish","type":"page","link":"https:\/\/e-learning.cesga.es\/rsc\/final-conference\/","title":{"rendered":"Final Conference"},"content":{"rendered":"<p class=\"western\" lang=\"es-ES\" style=\"text-align: left;\"><a href=\"http:\/\/rsc-project.eu\/index.php\/final-conference-gl\/\"><img decoding=\"async\" loading=\"lazy\" class=\" wp-image-225 alignleft\" src=\"http:\/\/e-learning.cesga.es\/rsc\/wp-content\/uploads\/sites\/5\/2015\/07\/2000px-Flag_of_Galicia.svg_.png\" alt=\"2000px-Flag_of_Galicia.svg\" width=\"30\" height=\"20\" srcset=\"https:\/\/e-learning.cesga.es\/rsc\/wp-content\/uploads\/sites\/5\/2015\/07\/2000px-Flag_of_Galicia.svg_.png 2000w, https:\/\/e-learning.cesga.es\/rsc\/wp-content\/uploads\/sites\/5\/2015\/07\/2000px-Flag_of_Galicia.svg_-300x200.png 300w, https:\/\/e-learning.cesga.es\/rsc\/wp-content\/uploads\/sites\/5\/2015\/07\/2000px-Flag_of_Galicia.svg_-768x512.png 768w, https:\/\/e-learning.cesga.es\/rsc\/wp-content\/uploads\/sites\/5\/2015\/07\/2000px-Flag_of_Galicia.svg_-1024x682.png 1024w\" sizes=\"(max-width: 30px) 100vw, 30px\" \/><\/a><strong><a href=\"http:\/\/e-learning.cesga.es\/rsc\/index.php\/final-conference-gl\/\">Prema aqu\u00ed para ir \u00e1 p\u00e1xina do Evento en<\/a>\u00a0galego<\/strong><\/p>\n<p class=\"western\" lang=\"es-ES\" style=\"text-align: left;\"><span style=\"color: #ff0000;\">You can get now your certificate!<\/span><\/p>\n<p class=\"western\" lang=\"es-ES\" style=\"text-align: left;\">Enter below the email you registered with:<\/p>\n<form action=\"http:\/\/rsc-project.eu\/diplomas\/\">Past October 10th we celebrated our Final Conference. If you missed it, you\u00a0can watch the video here:<\/p>\n<p><span style=\"text-decoration: underline;\">You can navigate through different talks selecting the speaker in the &#8216;capitulos&#8217; section in the top right of the video page.<\/span><\/p>\n<p><strong><span style=\"color: #000000;\">Morning Session:<\/span><\/strong><\/p>\n<p><a href=\"https:\/\/videocenter.cesga.es\/videos\/video\/3142\/\">https:\/\/videocenter.cesga.es\/videos\/video\/3142\/<\/a><\/p>\n<p><strong>Evening Session:<\/strong><\/p>\n<p><a href=\"https:\/\/videocenter.cesga.es\/videos\/video\/3143\/\">https:\/\/videocenter.cesga.es\/videos\/video\/3143\/<\/a><\/p>\n<\/form>\n","protected":false},"excerpt":{"rendered":"<p>Prema aqu\u00ed para ir \u00e1 p\u00e1xina do Evento en\u00a0galego You can get now your certificate! Enter below the email you registered with: Past October 10th we celebrated our Final Conference. If you<a class=\"moretag\" href=\"https:\/\/e-learning.cesga.es\/rsc\/final-conference\/\">Read More&#8230;<\/a><\/p>\n","protected":false},"author":1,"featured_media":0,"parent":0,"menu_order":0,"comment_status":"closed","ping_status":"closed","template":"","meta":{"_mi_skip_tracking":false},"_links":{"self":[{"href":"https:\/\/e-learning.cesga.es\/rsc\/wp-json\/wp\/v2\/pages\/177"}],"collection":[{"href":"https:\/\/e-learning.cesga.es\/rsc\/wp-json\/wp\/v2\/pages"}],"about":[{"href":"https:\/\/e-learning.cesga.es\/rsc\/wp-json\/wp\/v2\/types\/page"}],"author":[{"embeddable":true,"href":"https:\/\/e-learning.cesga.es\/rsc\/wp-json\/wp\/v2\/users\/1"}],"replies":[{"embeddable":true,"href":"https:\/\/e-learning.cesga.es\/rsc\/wp-json\/wp\/v2\/comments?post=177"}],"version-history":[{"count":1,"href":"https:\/\/e-learning.cesga.es\/rsc\/wp-json\/wp\/v2\/pages\/177\/revisions"}],"predecessor-version":[{"id":438,"href":"https:\/\/e-learning.cesga.es\/rsc\/wp-json\/wp\/v2\/pages\/177\/revisions\/438"}],"wp:attachment":[{"href":"https:\/\/e-learning.cesga.es\/rsc\/wp-json\/wp\/v2\/media?parent=177"}],"curies":[{"name":"wp","href":"https:\/\/api.w.org\/{rel}","templated":true}]}}