{"id":3386,"date":"2025-03-06T10:08:29","date_gmt":"2025-03-06T09:08:29","guid":{"rendered":"https:\/\/e-learning.cesga.es\/ictgogirls\/?page_id=3386"},"modified":"2026-03-11T08:50:15","modified_gmt":"2026-03-11T07:50:15","slug":"xiii-dia-de-las-chicas-en-las-tic","status":"publish","type":"page","link":"https:\/\/e-learning.cesga.es\/ictgogirls\/es\/xiii-dia-de-las-chicas-en-las-tic\/","title":{"rendered":"XIV D\u00eda de las Chicas en las TIC &#8211; 2026"},"content":{"rendered":"\n<figure class=\"wp-block-image size-full is-resized\"><img decoding=\"async\" loading=\"lazy\" src=\"https:\/\/e-learning.cesga.es\/ictgogirls\/wp-content\/uploads\/sites\/2\/2026\/03\/logoITU_small.jpg\" alt=\"Girls in ICT Day logo\" class=\"wp-image-3502\" width=\"480\" height=\"270\" srcset=\"https:\/\/e-learning.cesga.es\/ictgogirls\/wp-content\/uploads\/sites\/2\/2026\/03\/logoITU_small.jpg 640w, https:\/\/e-learning.cesga.es\/ictgogirls\/wp-content\/uploads\/sites\/2\/2026\/03\/logoITU_small-300x169.jpg 300w\" sizes=\"(max-width: 480px) 100vw, 480px\" \/><\/figure>\n\n\n\n<p>El <strong>23 de abril de 2025<\/strong> tendr\u00e1 lugar el<strong> D\u00eda Internacional de las Chicas en las TIC, y, como desde 2013, lo celebramos desde el Centro de Supercomputaci\u00f3n de Galicia<\/strong><\/p>\n\n\n\n<p><strong>A las 11 de la ma\u00f1ana celebraremos un coloquio retransmitido por streaming <\/strong>en el que participar\u00e1n 4 profesionales gallegas que trabajan a diario con las tecnolog\u00edas, y que compartir\u00e1n, de un modo ameno y detallado, su trayectoria, en qu\u00e9 trabajan, y lo que la tecnolog\u00eda puede aportar en diversos campos para mejorar la vida de tod@s. Desde los centros escolares de primaria y secundaria podr\u00e1n enviar sus preguntas e inquietudes en directo en di\u00e1logo directo con ellas.<\/p>\n\n\n\n<p><strong>\u00bfNo sab\u00e9is lo que es el D\u00eda Internacional de las Chicas en las TIC?<\/strong> Es una celebraci\u00f3n a nivel internacional, orientada a motivar a las nuevas generaciones de chicas para que consideren el \u00e1mbito de las TIC para su desarrollo acad\u00e9mico, investigador y profesional. <a href=\"https:\/\/www.itu.int\/women-and-girls\/girls-in-ict\/\">Aqu\u00ed est\u00e1 toda la informaci\u00f3n del movimiento a nivel internacional<\/a>.<\/p>\n\n\n\n<p>Para saber m\u00e1s lo <strong>que es el CESGA<\/strong> (Centro de Supercomputaci\u00f3n de Galicia) y la supercomputaci\u00f3n, mira este v\u00eddeo.<\/p>\n\n\n\n<figure class=\"wp-block-embed aligncenter is-type-video is-provider-youtube wp-block-embed-youtube wp-embed-aspect-16-9 wp-has-aspect-ratio\"><div class=\"wp-block-embed__wrapper\">\n<iframe loading=\"lazy\" title=\"G-NIGHT: NOITE GALEGA DAS PERSOAS INVESTIGADORAS\" width=\"640\" height=\"360\" src=\"https:\/\/www.youtube.com\/embed\/-C_waJySI7w?feature=oembed\" frameborder=\"0\" allow=\"accelerometer; autoplay; clipboard-write; encrypted-media; gyroscope; picture-in-picture; web-share\" referrerpolicy=\"strict-origin-when-cross-origin\" allowfullscreen><\/iframe>\n<\/div><\/figure>\n\n\n\n<h3 class=\"wp-block-heading\">Participantes en la XIV charla del D\u00eda de las Chicas en las TIC 2026<\/h3>\n\n\n\n<p>Nesta XIII edici\u00f3n tendremos a las siguientes protagonistas:<\/p>\n\n\n\n<div class=\"wp-block-columns is-layout-flex wp-container-3\">\n<div class=\"wp-block-column is-layout-flow\">\n<figure class=\"wp-block-image size-full is-resized\"><img decoding=\"async\" loading=\"lazy\" src=\"https:\/\/e-learning.cesga.es\/ictgogirls\/wp-content\/uploads\/sites\/2\/2026\/03\/Marta_.jpg\" alt=\"Marta\" class=\"wp-image-3511\" width=\"300\" height=\"300\" srcset=\"https:\/\/e-learning.cesga.es\/ictgogirls\/wp-content\/uploads\/sites\/2\/2026\/03\/Marta_.jpg 400w, https:\/\/e-learning.cesga.es\/ictgogirls\/wp-content\/uploads\/sites\/2\/2026\/03\/Marta_-300x300.jpg 300w, https:\/\/e-learning.cesga.es\/ictgogirls\/wp-content\/uploads\/sites\/2\/2026\/03\/Marta_-150x150.jpg 150w\" sizes=\"(max-width: 300px) 100vw, 300px\" \/><\/figure>\n<\/div>\n\n\n\n<div class=\"wp-block-column is-layout-flow\">\n<p>Marta Casti\u00f1eira Reis. trabaja en el CESGA como t\u00e9cnica de investigaci\u00f3n en simulaci\u00f3n computacional y an\u00e1lisis de datos en el proyecto EDD-DATAlife. Es doctora en Qu\u00edmica Te\u00f3rica y Modelado Molecular por la Universidad de Vigo (2019), \u00e1rea que utiliza m\u00e9todos computacionales para estudiar la estructura, las propiedades y la reactividad de las mol\u00e9culas. Durante su tesis doctoral y su periodo postdoctoral, investig\u00f3 los procesos de cat\u00e1lisis, es decir, reacciones qu\u00edmicas aceleradas o dirigidas por ciertas sustancias para obtener nuevos compuestos de inter\u00e9s, incluyendo posibles f\u00e1rmacos. Tambi\u00e9n ha trabajado en astroqu\u00edmica, estudiando c\u00f3mo se forman las mol\u00e9culas en el espacio y qu\u00e9 procesos qu\u00edmicos pueden tener lugar en condiciones extremas, como las del medio interestelar. Su trabajo combina la qu\u00edmica, la f\u00edsica, la inform\u00e1tica y el an\u00e1lisis de datos para responder a preguntas complejas sobre la materia, tanto en la Tierra como en el universo.<\/p>\n<\/div>\n<\/div>\n\n\n\n<div class=\"wp-block-columns is-layout-flex wp-container-6\">\n<div class=\"wp-block-column is-layout-flow\">\n<p>Patricia Gonz\u00e1lez G\u00f3mez. Profesora e investigadora del Departamento de Ingenier\u00eda Inform\u00e1tica de la Universidad de A Coru\u00f1a. Su investigaci\u00f3n se centra en la computaci\u00f3n de altas prestaciones, incluyendo el uso de supercomputadoras, computaci\u00f3n en la nube y an\u00e1lisis de big data para resolver problemas cient\u00edficos complejos. Tambi\u00e9n trabaja en \u00e1reas como la bioinform\u00e1tica y el desarrollo de m\u00e9todos avanzados para acelerar los c\u00e1lculos y analizar grandes cantidades de informaci\u00f3n. Coordin\u00f3 el M\u00e1ster en Computaci\u00f3n de Altas Prestaciones y ocup\u00f3 diversos puestos directivos en la Universidad de A Coru\u00f1a.<\/p>\n<\/div>\n\n\n\n<div class=\"wp-block-column is-layout-flow\">\n<figure class=\"wp-block-image size-full is-resized\"><img decoding=\"async\" loading=\"lazy\" src=\"https:\/\/e-learning.cesga.es\/ictgogirls\/wp-content\/uploads\/sites\/2\/2026\/03\/foto-Patricia_.png\" alt=\"Patricia\" class=\"wp-image-3512\" width=\"300\" height=\"300\" srcset=\"https:\/\/e-learning.cesga.es\/ictgogirls\/wp-content\/uploads\/sites\/2\/2026\/03\/foto-Patricia_.png 400w, https:\/\/e-learning.cesga.es\/ictgogirls\/wp-content\/uploads\/sites\/2\/2026\/03\/foto-Patricia_-300x300.png 300w, https:\/\/e-learning.cesga.es\/ictgogirls\/wp-content\/uploads\/sites\/2\/2026\/03\/foto-Patricia_-150x150.png 150w\" sizes=\"(max-width: 300px) 100vw, 300px\" \/><\/figure>\n<\/div>\n<\/div>\n\n\n\n<div class=\"wp-block-columns is-layout-flex wp-container-9\">\n<div class=\"wp-block-column is-layout-flow\">\n<figure class=\"wp-block-image size-full is-resized\"><img decoding=\"async\" loading=\"lazy\" src=\"https:\/\/e-learning.cesga.es\/ictgogirls\/wp-content\/uploads\/sites\/2\/2026\/03\/Foto_Hilda_.jpg\" alt=\"Hilda\" class=\"wp-image-3513\" width=\"300\" height=\"300\" srcset=\"https:\/\/e-learning.cesga.es\/ictgogirls\/wp-content\/uploads\/sites\/2\/2026\/03\/Foto_Hilda_.jpg 400w, https:\/\/e-learning.cesga.es\/ictgogirls\/wp-content\/uploads\/sites\/2\/2026\/03\/Foto_Hilda_-300x300.jpg 300w, https:\/\/e-learning.cesga.es\/ictgogirls\/wp-content\/uploads\/sites\/2\/2026\/03\/Foto_Hilda_-150x150.jpg 150w\" sizes=\"(max-width: 300px) 100vw, 300px\" \/><\/figure>\n<\/div>\n\n\n\n<div class=\"wp-block-column is-layout-flow\">\n<p>Hilda Romero Velo es investigadora del CITIC y doctoranda en Inform\u00e1tica en la Universidade da Coru\u00f1a (UDC). Con formaci\u00f3n en M\u00fasica e Inform\u00e1tica, y experiencia como pianista y gaiteira, su investigaci\u00f3n se centra en la Recuperaci\u00f3n de Informaci\u00f3n Musical y la Etnomusicolog\u00eda Computacional. Trabaja especialmente con m\u00fasica de tradiciones orales, como la gallega y la irlandesa, utilizando metodolog\u00edas y algoritmos de la inform\u00e1tica y la bioinform\u00e1tica para analizar y comparar melod\u00edas con el fin de comprender las relaciones entre diferentes tradiciones musicales. Tambi\u00e9n desarrolla herramientas que facilitan el aprendizaje de partituras y sistemas capaces de buscarlas a partir de un canto o la interpretaci\u00f3n de una melod\u00eda en un instrumento.<\/p>\n<\/div>\n<\/div>\n\n\n\n<div class=\"wp-block-columns is-layout-flex wp-container-12\">\n<div class=\"wp-block-column is-layout-flow\">\n<p>Ar\u00e1nzazu Sucasas Hermida trabaja en Telef\u00f3nica y actualmente es candidata a doctorado en la Universidad de Vigo (UVigo), donde desarrolla investigaci\u00f3n centrada en la segmentaci\u00f3n de lesiones mamarias mediante resonancia magn\u00e9tica para la detecci\u00f3n precoz del c\u00e1ncer de mama. Es ingeniera de Telecomunicaciones y tiene un M\u00e1ster en Ingenier\u00eda Biom\u00e9dica y Salud Digital. Actualmente trabaja en Optimizaci\u00f3n de Radio en Telef\u00f3nica M\u00f3viles, centrada en el an\u00e1lisis y la mejora del rendimiento de las redes m\u00f3viles (5G, 4G y 3G) para garantizar la calidad de los servicios de voz y datos.<\/p>\n<\/div>\n\n\n\n<div class=\"wp-block-column is-layout-flow\">\n<figure class=\"wp-block-image size-full is-resized\"><img decoding=\"async\" loading=\"lazy\" src=\"https:\/\/e-learning.cesga.es\/ictgogirls\/wp-content\/uploads\/sites\/2\/2026\/03\/Arancha_.jpg\" alt=\"Arancha\" class=\"wp-image-3514\" width=\"300\" height=\"300\" srcset=\"https:\/\/e-learning.cesga.es\/ictgogirls\/wp-content\/uploads\/sites\/2\/2026\/03\/Arancha_.jpg 400w, https:\/\/e-learning.cesga.es\/ictgogirls\/wp-content\/uploads\/sites\/2\/2026\/03\/Arancha_-300x300.jpg 300w, https:\/\/e-learning.cesga.es\/ictgogirls\/wp-content\/uploads\/sites\/2\/2026\/03\/Arancha_-150x150.jpg 150w\" sizes=\"(max-width: 300px) 100vw, 300px\" \/><\/figure>\n<\/div>\n<\/div>\n\n\n\n<h2 class=\"wp-block-heading\">Agenda<\/h2>\n\n\n\n<p>La actividad comenzar\u00e1 a las 11 de la ma\u00f1ana, y tendr\u00e1 una duraci\u00f3n aproximada de 1 hora y media. <em>Pr\u00f3ximamente actualizaremos esta informaci\u00f3n con m\u00e1s detalle<\/em>.<\/p>\n\n\n\n<p>Para inscribir a tu centro, por favor, pulsa en la opci\u00f3n &#8220;Inscribirse&#8221; en la barra superior de la web. <\/p>\n\n\n\n<div class=\"wp-block-buttons is-content-justification-center is-layout-flex wp-container-13\"><\/div>\n\n\n\n<p>Puedes seguir y difundir toda la informaci\u00f3n del evento y nuestras actividades en esta web o en:<\/p>\n\n\n\n<ul>\n<li>Facebook:&nbsp;<a href=\"https:\/\/www.facebook.com\/ICTGoGirls\" target=\"_blank\" rel=\"noreferrer noopener\">https:\/\/www.facebook.com\/ICTGoGirls<\/a><\/li>\n\n\n\n<li>Twitter:&nbsp;<a href=\"https:\/\/twitter.com\/ICTGoGirls\" target=\"_blank\" rel=\"noreferrer noopener\">https:\/\/twitter.com\/ICTGoGirls<\/a><\/li>\n\n\n\n<li>Youtube:&nbsp;<a href=\"https:\/\/www.youtube.com\/playlist?list=PLaYnwE2ZurwETyjAShB6_XNmWYnHQycAf\" target=\"_blank\" rel=\"noreferrer noopener\">https:\/\/www.youtube.com\/playlist?list=PLaYnwE2ZurwETyjAShB6_XNmWYnHQycAf<\/a><\/li>\n<\/ul>\n\n\n\n<h3 class=\"wp-block-heading\">Organizan<\/h3>\n\n\n\n<p>Centro de Supercomputaci\u00f3n de Galicia (dependente de GAIN e CSIC), Secretar\u00eda Xeral de Igualdade da Xunta de Galicia,  Colexio Profesional de Enxe\u00f1ar\u00eda Inform\u00e1tica (CPEIG).<\/p>\n\n\n\n<h3 class=\"wp-block-heading\">Colaboran<\/h3>\n\n\n\n<p>Xunta de Galicia: (Conseller\u00eda de Educaci\u00f3n, Ciencia, Universidades e FP e a AMTEGA); Asociaci\u00f3n de Mulleres Investigadoras e Tecn\u00f3logas, secci\u00f3n Galicia (AMIT-Gal); Asociaci\u00f3n .GAL; USC (Facultade de Ciencias da Educaci\u00f3n, Woman Emprende, CITIUS  e Oficina de Igualdade); Facultade de Inform\u00e1tica da UDC;   UVigo (Escola de Enxe\u00f1ar\u00eda de Telecomunicaci\u00f3ns); Colectivos Hello Sisters! e GalsTech<\/p>\n\n\n\n<h6 class=\"wp-block-heading\"><a href=\"https:\/\/www.freepik.es\/vectores\/juegos-virtuales\"><em>Imaxe da cabeceira creada por pikisuperstar &#8211; www.freepik.es<\/em><\/a><\/h6>\n","protected":false},"excerpt":{"rendered":"<p>El 23 de abril de 2025 tendr\u00e1 lugar el D\u00eda Internacional de las Chicas en las TIC, y, como desde 2013, lo celebramos desde el Centro de Supercomputaci\u00f3n de Galicia A las 11 de la ma\u00f1ana celebraremos un coloquio retransmitido por streaming en el que participar\u00e1n 4 profesionales gallegas que trabajan a diario con las tecnolog\u00edas, y que compartir\u00e1n, de [&hellip;]<\/p>\n","protected":false},"author":1,"featured_media":2606,"parent":0,"menu_order":0,"comment_status":"closed","ping_status":"closed","template":"","meta":{"_mi_skip_tracking":false},"_links":{"self":[{"href":"https:\/\/e-learning.cesga.es\/ictgogirls\/wp-json\/wp\/v2\/pages\/3386"}],"collection":[{"href":"https:\/\/e-learning.cesga.es\/ictgogirls\/wp-json\/wp\/v2\/pages"}],"about":[{"href":"https:\/\/e-learning.cesga.es\/ictgogirls\/wp-json\/wp\/v2\/types\/page"}],"author":[{"embeddable":true,"href":"https:\/\/e-learning.cesga.es\/ictgogirls\/wp-json\/wp\/v2\/users\/1"}],"replies":[{"embeddable":true,"href":"https:\/\/e-learning.cesga.es\/ictgogirls\/wp-json\/wp\/v2\/comments?post=3386"}],"version-history":[{"count":24,"href":"https:\/\/e-learning.cesga.es\/ictgogirls\/wp-json\/wp\/v2\/pages\/3386\/revisions"}],"predecessor-version":[{"id":3547,"href":"https:\/\/e-learning.cesga.es\/ictgogirls\/wp-json\/wp\/v2\/pages\/3386\/revisions\/3547"}],"wp:featuredmedia":[{"embeddable":true,"href":"https:\/\/e-learning.cesga.es\/ictgogirls\/wp-json\/wp\/v2\/media\/2606"}],"wp:attachment":[{"href":"https:\/\/e-learning.cesga.es\/ictgogirls\/wp-json\/wp\/v2\/media?parent=3386"}],"curies":[{"name":"wp","href":"https:\/\/api.w.org\/{rel}","templated":true}]}}