{"id":2791,"date":"2023-04-21T10:21:22","date_gmt":"2023-04-21T08:21:22","guid":{"rendered":"https:\/\/e-learning.cesga.es\/ictgogirls\/?page_id=2791"},"modified":"2024-06-16T13:33:52","modified_gmt":"2024-06-16T11:33:52","slug":"dia-das-rapazas-nas-tic","status":"publish","type":"page","link":"https:\/\/e-learning.cesga.es\/ictgogirls\/dia-das-rapazas-nas-tic\/","title":{"rendered":"XII D\u00eda das rapazas nas TIC"},"content":{"rendered":"\n<figure class=\"wp-block-image size-large\" id=\"anchor\"><img decoding=\"async\" src=\"https:\/\/www.itu.int\/women-and-girls\/girls-in-ict\/wp-content\/uploads\/sites\/2\/2024\/02\/GICT-24-BannerV4-scaled.jpg\" alt=\"\"\/><\/figure>\n\n\n\n<p>O d\u00eda<strong> 25 de abril de 2024<\/strong> foi o <strong>D\u00eda Internacional das Rapazas nas TIC, e como dende o 2013 celebr\u00e1molo dende o Centro de Supercomputaci\u00f3n de Galicia!<\/strong><\/p>\n\n\n\n<p><strong>Ese d\u00eda tivemos moitas actividades!&nbsp;<\/strong><\/p>\n\n\n\n<p><strong>Pola ma\u00f1\u00e1 celebramos un coloquio mediante multiconferencia web<\/strong> no que participaron 4 profesionais galegas que traballan a diario coas tecnolox\u00edas, e que compartiron, dun xeito ameno e polo mi\u00fado, a s\u00faa traxectoria, no que traballan, e o que a tecnolox\u00eda pode aportar en diversos campos para mellorar a vida de tod@s. Dende os centros escolares de primaria e secundaria, m\u00e1is de 600 rapazas e rapaces enviaron as s\u00faas preguntas e inquedanzas en directo en di\u00e1logo directo con elas.<\/p>\n\n\n\n<p><strong>Non sabedes o que \u00e9 o<\/strong> <strong>D\u00eda Internacional das Rapazas nas TIC<\/strong>? \u00c9 unha celebraci\u00f3n a nivel internacional, orientada a motivar \u00e1s novas xeraci\u00f3ns de mozas para que consideren o \u00e1mbito das TIC para o seu desenvolvemento acad\u00e9mico, investigador e profesional. &nbsp;<a rel=\"noreferrer noopener\" href=\"https:\/\/www.itu.int\/women-and-girls\/girls-in-ict\/\" target=\"_blank\">Aqu\u00ed est\u00e1 toda a informaci\u00f3n do movemento a nivel internacional<\/a>.<\/p>\n\n\n\n<p>Para saber m\u00e1is o <strong>que \u00e9 o CESGA<\/strong> (Centro de Supercomputaci\u00f3n de Galicia) e a supercomputaci\u00f3n, mira este v\u00eddeo.<\/p>\n\n\n\n<figure class=\"wp-block-embed is-type-video is-provider-youtube wp-block-embed-youtube wp-embed-aspect-16-9 wp-has-aspect-ratio\"><div class=\"wp-block-embed__wrapper\">\n<iframe loading=\"lazy\" title=\"G-NIGHT: NOITE GALEGA DAS PERSOAS INVESTIGADORAS\" width=\"640\" height=\"360\" src=\"https:\/\/www.youtube.com\/embed\/-C_waJySI7w?feature=oembed\" frameborder=\"0\" allow=\"accelerometer; autoplay; clipboard-write; encrypted-media; gyroscope; picture-in-picture; web-share\" referrerpolicy=\"strict-origin-when-cross-origin\" allowfullscreen><\/iframe>\n<\/div><\/figure>\n\n\n\n<h3 class=\"wp-block-heading\">Participantes do XII coloquio do D\u00eda das Rapazas nas TIC 2024<\/h3>\n\n\n\n<p>Nesta XII edici\u00f3n tivemos a honra de contar con:<\/p>\n\n\n\n<div class=\"wp-block-columns is-layout-flex wp-container-3\">\n<div class=\"wp-block-column is-layout-flow\" style=\"flex-basis:33.33%\">\n<figure class=\"wp-block-image size-full\"><img decoding=\"async\" loading=\"lazy\" width=\"400\" height=\"400\" src=\"https:\/\/e-learning.cesga.es\/ictgogirls\/wp-content\/uploads\/sites\/2\/2024\/02\/AntiaFdez_pq.jpg\" alt=\"\" class=\"wp-image-2992\" srcset=\"https:\/\/e-learning.cesga.es\/ictgogirls\/wp-content\/uploads\/sites\/2\/2024\/02\/AntiaFdez_pq.jpg 400w, https:\/\/e-learning.cesga.es\/ictgogirls\/wp-content\/uploads\/sites\/2\/2024\/02\/AntiaFdez_pq-300x300.jpg 300w, https:\/\/e-learning.cesga.es\/ictgogirls\/wp-content\/uploads\/sites\/2\/2024\/02\/AntiaFdez_pq-150x150.jpg 150w\" sizes=\"(max-width: 400px) 100vw, 400px\" \/><\/figure>\n<\/div>\n\n\n\n<div class=\"wp-block-column is-layout-flow\" style=\"flex-basis:66.66%\">\n<p><strong>Ant\u00eda Fern\u00e1ndez L\u00f3pez<\/strong>. Ant\u00eda \u00e9 Enxe\u00f1eira de Telecomunicaci\u00f3ns, M\u00e1ster en Enxe\u00f1ar\u00eda Telem\u00e1tica, ambas pola Universidade de Vigo e MBA pola UIE. Dende o ano 2008 traballa en proxectos de I+D para distintos sectores en GRADIANT (Centro Tecnol\u00f3xico das Telecomunicaci\u00f3ns de Galicia). A s\u00faa traxectoria vai dende a ideaci\u00f3n, a execuci\u00f3n, a xesti\u00f3n de proxectos; as\u00ed como a direcci\u00f3n dunha \u00e1rea tecnol\u00f3xica ao desenvolvemento empresarial. Ten experiencia en tecnolox\u00edas arredor dos datos: con \u00e9nfase na Intelixencia Artificial, a conectividade e a ciberseguridade. Ademais, traballa para a Comisi\u00f3n Europea como avaliadora e revisora \u200b\u200bde proxectos e \u00e9 profesora de tecnolox\u00edas aplicadas \u00e1 empresa en diferentes escolas de negocios e m\u00e1steres universitarios.<\/p>\n<\/div>\n<\/div>\n\n\n\n<div class=\"wp-block-columns is-layout-flex wp-container-6\">\n<div class=\"wp-block-column is-layout-flow\" style=\"flex-basis:66.66%\">\n<p><strong>Lorena Fern\u00e1ndez Fern\u00e1ndez<\/strong>. Lorena estudou o Grado de Matem\u00e1ticas pola USC e completou seus estudos co M\u00e1ster de M\u00e1tem\u00e1tica Industrial por UVigo. Estivo traballando no Grupo Integrado de Inxenier\u00eda da UDC e despois no Centro Nacional de Enerx\u00edas Renovables (en Pamplona) en proxectos de investigaci\u00f3n co obxetivo de resolver con sistemas de computaci\u00f3n de altas prestaci\u00f3ns problemas de interese acad\u00e9mico e industrial da \u00e1rea de din\u00e1mica de fluidos. Actualmente traballa no CESGA como t\u00e9cnica superior de investigaci\u00f3n na li\u00f1a de aplicaci\u00f3n da Intelixencia Artificial \u00e1 producci\u00f3n industrial.<\/p>\n<\/div>\n\n\n\n<div class=\"wp-block-column is-layout-flow\" style=\"flex-basis:33.33%\">\n<figure class=\"wp-block-image size-full\"><img decoding=\"async\" loading=\"lazy\" width=\"400\" height=\"448\" src=\"https:\/\/e-learning.cesga.es\/ictgogirls\/wp-content\/uploads\/sites\/2\/2024\/02\/LorenaFdez.jpg\" alt=\"\" class=\"wp-image-2993\" srcset=\"https:\/\/e-learning.cesga.es\/ictgogirls\/wp-content\/uploads\/sites\/2\/2024\/02\/LorenaFdez.jpg 400w, https:\/\/e-learning.cesga.es\/ictgogirls\/wp-content\/uploads\/sites\/2\/2024\/02\/LorenaFdez-268x300.jpg 268w\" sizes=\"(max-width: 400px) 100vw, 400px\" \/><\/figure>\n<\/div>\n<\/div>\n\n\n\n<div class=\"wp-block-columns is-layout-flex wp-container-9\">\n<div class=\"wp-block-column is-layout-flow\" style=\"flex-basis:33.33%\">\n<figure class=\"wp-block-image size-full\"><img decoding=\"async\" loading=\"lazy\" width=\"400\" height=\"400\" src=\"https:\/\/e-learning.cesga.es\/ictgogirls\/wp-content\/uploads\/sites\/2\/2024\/02\/OlallaPq.jpg\" alt=\"\" class=\"wp-image-2995\" srcset=\"https:\/\/e-learning.cesga.es\/ictgogirls\/wp-content\/uploads\/sites\/2\/2024\/02\/OlallaPq.jpg 400w, https:\/\/e-learning.cesga.es\/ictgogirls\/wp-content\/uploads\/sites\/2\/2024\/02\/OlallaPq-300x300.jpg 300w, https:\/\/e-learning.cesga.es\/ictgogirls\/wp-content\/uploads\/sites\/2\/2024\/02\/OlallaPq-150x150.jpg 150w\" sizes=\"(max-width: 400px) 100vw, 400px\" \/><\/figure>\n<\/div>\n\n\n\n<div class=\"wp-block-column is-layout-flow\" style=\"flex-basis:66.66%\">\n<p><strong>Olalla Rama Garc\u00eda<\/strong>. Olalla \u00e9 graduada en Enxe\u00f1er\u00eda Inform\u00e1tica pola Universidade da Coru\u00f1a, cun M\u00e1ster en Ciberseguridade. A s\u00faa traxectoria profesional comezou ligada ao \u00e1mbito da ciberseguridade, concretamente na auditor\u00eda de ciberseguridade (&#8220;pentesting&#8221;) a\u00ednda que actualmente exerce funci\u00f3ns relacionadas coa an\u00e1lise e a xesti\u00f3n de vulnerabilidades nun proxecto da Amtega destinado a mellorar a ciberseguridade das entidades locais de Galicia. Ademais, participa activamente en competici\u00f3ns CTF (Capture The Flag) nas que se po\u00f1en a proba os co\u00f1ecementos e habilidades como hacker.<\/p>\n<\/div>\n<\/div>\n\n\n\n<div class=\"wp-block-columns is-layout-flex wp-container-12\">\n<div class=\"wp-block-column is-layout-flow\" style=\"flex-basis:66.66%\">\n<p><strong>Noemi Basanta Cheda<\/strong>, licenciada en arquitectura na Escola T\u00e9cnica Superior de Arquitectura da Coru\u00f1a coa especialidade en Urbanismo. Tras pasar por diferentes estudos de arquitectura e dese\u00f1o de escenograf\u00edas, entra a traballar en Galop\u00edn Playgrounds, formando parte fundamental do Departamento de Proxectos, no que desenrolar\u00e1 propostas de espazos de xogo infantil por todo o mundo. Ten unha experiencia de quince anos nesta complexa actividade de intervir no espazo p\u00fablico para un usuario tan sensible como \u00e9 a infancia, con influencia directa na sociedade.&nbsp;<\/p>\n\n\n\n<p>Coordina tam\u00e9n diferentes proxectos de investigaci\u00f3n,&nbsp; como a colaboraci\u00f3n coa UDC para a edici\u00f3n do manual escrito pola doutora arquitecta In\u00e9s Pernas &#8221; Lugares p\u00fablicos de estancia con car\u00e1cter biof\u00edlico&#8221;.<\/p>\n<\/div>\n\n\n\n<div class=\"wp-block-column is-layout-flow\" style=\"flex-basis:33.33%\">\n<figure class=\"wp-block-image size-full\"><img decoding=\"async\" loading=\"lazy\" width=\"400\" height=\"457\" src=\"https:\/\/e-learning.cesga.es\/ictgogirls\/wp-content\/uploads\/sites\/2\/2024\/03\/Noemi2.jpg\" alt=\"\" class=\"wp-image-3086\" srcset=\"https:\/\/e-learning.cesga.es\/ictgogirls\/wp-content\/uploads\/sites\/2\/2024\/03\/Noemi2.jpg 400w, https:\/\/e-learning.cesga.es\/ictgogirls\/wp-content\/uploads\/sites\/2\/2024\/03\/Noemi2-263x300.jpg 263w\" sizes=\"(max-width: 400px) 100vw, 400px\" \/><\/figure>\n<\/div>\n<\/div>\n\n\n\n<iframe loading=\"lazy\" src=\"https:\/\/www.google.com\/maps\/d\/u\/1\/embed?mid=1AUqSLzNoJgOB14JxUiRAxyRvEQeJxuU&#038;ehbc=2E312F\" width=\"640\" height=\"480\"><\/iframe>\n\n\n\n<h2 class=\"wp-block-heading\">Programa da Tarde<\/h2>\n\n\n\n<div class=\"wp-block-columns is-layout-flex wp-container-15\">\n<div class=\"wp-block-column is-layout-flow\" style=\"flex-basis:70%\">\n<p>O mesmo d\u00eda 25, de 17:00 a 19:00, organizamos para a rapazada da contorna de Compostela a &#8220;<mark style=\"background-color:rgba(0, 0, 0, 0)\" class=\"has-inline-color has-vivid-red-color\"><strong>Ruta das Exploradoras Dixitais<\/strong><\/mark>&#8220;, unha actividade divertida e did\u00e1ctica para descubrir a actividade de aoredor da tecnolox\u00eda que se fai no <strong>CESGA<\/strong> e no <strong>CITIUS<\/strong>, con visitas adaptadas ao <strong>supercomputador FinisTerrae III<\/strong>, ao <strong>ordenador cu\u00e1ntico de Galicia<\/strong> <strong>Qmio<\/strong>, e demostraci\u00f3ns das tecnolox\u00edas m\u00e1is actuais con que traballamos. Esa actividade enmarcouse nun <strong>percorrido polo Campus da USC entre ambos centros<\/strong>, co\u00f1ecendo a 5 referentes hist\u00f3ricas do mundo da tecnolox\u00eda: Grace Hopper, Margaret Hamilton, Hedy Lamarr, \u00c1ngela Ru\u00edz Robles y Gladys Mae West, que foron encarnadas por cient\u00edficas actuais: Cecilia Grela, Natalia Costas, Mar\u00eda R. Malmierca y Lorena Fern\u00e1ndez, do CESGA, e Albina Sarymsakova, do CITIUS.<\/p>\n\n\n\n<p>Ada Lovelace, a primeira programadora da historia, fixo de gu\u00eda no cami\u00f1o! E para todas\/os os que completaron con \u00e9xito esta &#8220;<strong>ruta das  exploradoras dixitais<\/strong>&#8221; houbo un agasallo final, un precioso libro sobre \u00c1ngela Ru\u00edz Robles, mestra ferrol\u00e1 e inventora da Enciclopedia Mec\u00e1nica, a precursora dos Libros Dixitais \/ Ebooks actuais. <\/p>\n<\/div>\n\n\n\n<div class=\"wp-block-column is-layout-flow\" style=\"flex-basis:30%\"><div class=\"wp-block-image\">\n<figure class=\"alignright size-full is-resized\"><img decoding=\"async\" loading=\"lazy\" src=\"https:\/\/e-learning.cesga.es\/ictgogirls\/wp-content\/uploads\/sites\/2\/2024\/04\/credencialPlegadaPQ.png\" alt=\"Imaxe da credencial plegada\" class=\"wp-image-3219\" width=\"186\" height=\"235\" srcset=\"https:\/\/e-learning.cesga.es\/ictgogirls\/wp-content\/uploads\/sites\/2\/2024\/04\/credencialPlegadaPQ.png 570w, https:\/\/e-learning.cesga.es\/ictgogirls\/wp-content\/uploads\/sites\/2\/2024\/04\/credencialPlegadaPQ-238x300.png 238w\" sizes=\"(max-width: 186px) 100vw, 186px\" \/><\/figure><\/div>\n\n<div class=\"wp-block-image\">\n<figure class=\"alignright size-medium is-resized\"><img decoding=\"async\" loading=\"lazy\" src=\"https:\/\/e-learning.cesga.es\/ictgogirls\/wp-content\/uploads\/sites\/2\/2024\/05\/AdaByron_Rapazas24-225x300.jpeg\" alt=\"Ada Byron en el Campus USC\" class=\"wp-image-3284\" width=\"169\" height=\"225\" srcset=\"https:\/\/e-learning.cesga.es\/ictgogirls\/wp-content\/uploads\/sites\/2\/2024\/05\/AdaByron_Rapazas24-225x300.jpeg 225w, https:\/\/e-learning.cesga.es\/ictgogirls\/wp-content\/uploads\/sites\/2\/2024\/05\/AdaByron_Rapazas24-768x1024.jpeg 768w, https:\/\/e-learning.cesga.es\/ictgogirls\/wp-content\/uploads\/sites\/2\/2024\/05\/AdaByron_Rapazas24-1152x1536.jpeg 1152w, https:\/\/e-learning.cesga.es\/ictgogirls\/wp-content\/uploads\/sites\/2\/2024\/05\/AdaByron_Rapazas24-1536x2048.jpeg 1536w, https:\/\/e-learning.cesga.es\/ictgogirls\/wp-content\/uploads\/sites\/2\/2024\/05\/AdaByron_Rapazas24-scaled.jpeg 1920w\" sizes=\"(max-width: 169px) 100vw, 169px\" \/><\/figure><\/div><\/div>\n<\/div>\n\n\n\n<figure class=\"wp-block-embed is-type-video is-provider-youtube wp-block-embed-youtube wp-embed-aspect-16-9 wp-has-aspect-ratio\"><div class=\"wp-block-embed__wrapper\">\n<iframe loading=\"lazy\" title=\"XII Di\u0301a das Rapazas nas TIC. Resumo\" width=\"640\" height=\"360\" src=\"https:\/\/www.youtube.com\/embed\/1CTRY1EmHNc?feature=oembed\" frameborder=\"0\" allow=\"accelerometer; autoplay; clipboard-write; encrypted-media; gyroscope; picture-in-picture; web-share\" referrerpolicy=\"strict-origin-when-cross-origin\" allowfullscreen><\/iframe>\n<\/div><\/figure>\n\n\n\n<h3 class=\"wp-block-heading\">Organizan<\/h3>\n\n\n\n<p>Centro de Supercomputaci\u00f3n de Galicia (dependente de GAIN e CSIC), Secretar\u00eda Xeral de Igualdade da Xunta de Galicia,  Colexio Profesional de Enxe\u00f1ar\u00eda Inform\u00e1tica (CPEIG) e coa colaboraci\u00f3n do CITIUS (Centro Singular de Investigaci\u00f3n en Tecnolox\u00edas Intelixentes).<\/p>\n\n\n\n<h3 class=\"wp-block-heading\">Colaboran<\/h3>\n\n\n\n<p>Xunta de Galicia: (Conseller\u00eda de Educaci\u00f3n, Ciencia, Universidades e FP e a AMTEGA); Asociaci\u00f3n de Mulleres Investigadoras e Tecn\u00f3logas, secci\u00f3n Galicia (AMIT-Gal); Asociaci\u00f3n .GAL; USC (Facultade de Ciencias da Educaci\u00f3n, Woman Emprende  e Oficina de Igualdade); Facultade de Inform\u00e1tica da UDC;  Escola de Enxe\u00f1ar\u00eda de Telecomunicaci\u00f3n da UVigo; Colectivos Hello Sisters! e GalsTech<\/p>\n\n\n\n<h6 class=\"wp-block-heading\"><a href=\"https:\/\/www.freepik.es\/vectores\/juegos-virtuales\"><em>Imaxe da cabeceira creada por pikisuperstar &#8211; www.freepik.es<\/em><\/a><\/h6>\n","protected":false},"excerpt":{"rendered":"<p>O d\u00eda 25 de abril de 2024 foi o D\u00eda Internacional das Rapazas nas TIC, e como dende o 2013 celebr\u00e1molo dende o Centro de Supercomputaci\u00f3n de Galicia! Ese d\u00eda tivemos moitas actividades!&nbsp; Pola ma\u00f1\u00e1 celebramos un coloquio mediante multiconferencia web no que participaron 4 profesionais galegas que traballan a diario coas tecnolox\u00edas, e que compartiron, dun xeito ameno e [&hellip;]<\/p>\n","protected":false},"author":1,"featured_media":2606,"parent":0,"menu_order":0,"comment_status":"closed","ping_status":"closed","template":"","meta":{"_mi_skip_tracking":false},"_links":{"self":[{"href":"https:\/\/e-learning.cesga.es\/ictgogirls\/wp-json\/wp\/v2\/pages\/2791"}],"collection":[{"href":"https:\/\/e-learning.cesga.es\/ictgogirls\/wp-json\/wp\/v2\/pages"}],"about":[{"href":"https:\/\/e-learning.cesga.es\/ictgogirls\/wp-json\/wp\/v2\/types\/page"}],"author":[{"embeddable":true,"href":"https:\/\/e-learning.cesga.es\/ictgogirls\/wp-json\/wp\/v2\/users\/1"}],"replies":[{"embeddable":true,"href":"https:\/\/e-learning.cesga.es\/ictgogirls\/wp-json\/wp\/v2\/comments?post=2791"}],"version-history":[{"count":49,"href":"https:\/\/e-learning.cesga.es\/ictgogirls\/wp-json\/wp\/v2\/pages\/2791\/revisions"}],"predecessor-version":[{"id":3305,"href":"https:\/\/e-learning.cesga.es\/ictgogirls\/wp-json\/wp\/v2\/pages\/2791\/revisions\/3305"}],"wp:featuredmedia":[{"embeddable":true,"href":"https:\/\/e-learning.cesga.es\/ictgogirls\/wp-json\/wp\/v2\/media\/2606"}],"wp:attachment":[{"href":"https:\/\/e-learning.cesga.es\/ictgogirls\/wp-json\/wp\/v2\/media?parent=2791"}],"curies":[{"name":"wp","href":"https:\/\/api.w.org\/{rel}","templated":true}]}}