{"id":33,"date":"2018-07-24T12:00:19","date_gmt":"2018-07-24T10:00:19","guid":{"rendered":"http:\/\/e-learning.cesga.es\/h5p\/?page_id=33"},"modified":"2020-03-31T19:17:59","modified_gmt":"2020-03-31T17:17:59","slug":"presentacion","status":"publish","type":"page","link":"https:\/\/e-learning.cesga.es\/h5p\/","title":{"rendered":"Presentaci\u00f3n"},"content":{"rendered":"<p>Esta plataforma de creaci\u00f3n de contenidos educativos interactivos es un servicio de e-learning del Centro de Supercomputaci\u00f3n de Galicia (CESGA). El CESGA es el centro de c\u00e1lculo, comunicaciones de altas prestaciones y servicios avanzados de la Comunidad Cient\u00edfica Gallega, sistema acad\u00e9mico universitario y del Consejo Superior de Investigaciones Cient\u00edficas (CSIC). <a href=\"http:\/\/www.cesga.es\">www.cesga.es<\/a><\/p>\n<p>Este servicio permite la creaci\u00f3n de casi 50 tipos diferentes de contenidos interactivos. Si quiere ver alg\u00fan ejemplo de los mismos, <a href=\"https:\/\/h5p.org\/content-types-and-applications\" target=\"_blank\" rel=\"noopener noreferrer\">visite el sitio oficial de H5P<\/a><\/p>\n<p>Para utilizar este servicio es necesario que sea un investigador\/a o docente de nuestra comunidad de usuarios. En este caso, puede solicitar una cuenta envi\u00e1ndonos sus datos en un correo a <a href=\"mailto:e-learning@cesga.es\">e-learning@cesga.es<\/a><\/p>\n","protected":false},"excerpt":{"rendered":"<p>Esta plataforma de creaci\u00f3n de contenidos educativos interactivos es un servicio de e-learning del Centro de Supercomputaci\u00f3n de Galicia (CESGA). El CESGA es el centro de c\u00e1lculo, comunicaciones de altas prestaciones y servicios avanzados de la Comunidad Cient\u00edfica Gallega, sistema acad\u00e9mico universitario y del Consejo Superior de Investigaciones Cient\u00edficas (CSIC). [&hellip;]<\/p>\n","protected":false},"author":3,"featured_media":0,"parent":0,"menu_order":0,"comment_status":"closed","ping_status":"closed","template":"","meta":[],"_links":{"self":[{"href":"https:\/\/e-learning.cesga.es\/h5p\/wp-json\/wp\/v2\/pages\/33"}],"collection":[{"href":"https:\/\/e-learning.cesga.es\/h5p\/wp-json\/wp\/v2\/pages"}],"about":[{"href":"https:\/\/e-learning.cesga.es\/h5p\/wp-json\/wp\/v2\/types\/page"}],"author":[{"embeddable":true,"href":"https:\/\/e-learning.cesga.es\/h5p\/wp-json\/wp\/v2\/users\/3"}],"replies":[{"embeddable":true,"href":"https:\/\/e-learning.cesga.es\/h5p\/wp-json\/wp\/v2\/comments?post=33"}],"version-history":[{"count":5,"href":"https:\/\/e-learning.cesga.es\/h5p\/wp-json\/wp\/v2\/pages\/33\/revisions"}],"predecessor-version":[{"id":220,"href":"https:\/\/e-learning.cesga.es\/h5p\/wp-json\/wp\/v2\/pages\/33\/revisions\/220"}],"wp:attachment":[{"href":"https:\/\/e-learning.cesga.es\/h5p\/wp-json\/wp\/v2\/media?parent=33"}],"curies":[{"name":"wp","href":"https:\/\/api.w.org\/{rel}","templated":true}]}}