{"id":233,"date":"2023-04-24T07:35:54","date_gmt":"2023-04-24T07:35:54","guid":{"rendered":"https:\/\/e-learning.cesga.es\/escolasnanube\/?page_id=233"},"modified":"2023-04-24T07:35:55","modified_gmt":"2023-04-24T07:35:55","slug":"tecnologia-2","status":"publish","type":"page","link":"https:\/\/e-learning.cesga.es\/escolasnanube\/es\/tecnologia-2\/","title":{"rendered":"Tecnolog\u00eda"},"content":{"rendered":"\n<p>El proyecto se basa en el aprovechamiento del potencial de la computaci\u00f3n cloud en el \u00e1mbito educativo, en sus caracter\u00edsticas m\u00e1s destacadas:&nbsp;<br>Software como servicio (SaaS), donde el software educativo no est\u00e1 instalado en los PCs de forma individual, sino accesible desde la Red para todos los miembros de la comunidad educativa.<br>Plataforma como servicio (PaaS), facilitando la escalabilidad necesaria y espacio en base de datos, transferencia de datos, etc.&nbsp;<br>Se trata de la aplicaci\u00f3n de computaci\u00f3n cloud sin fijarnos exclusivamente en la optimizaci\u00f3n de servicios, sino que proporciona al usuario final un acceso a una plataforma sencilla que da acceso y control sobre contenidos y servicios \u00aben nube\u00bb.<br>Est\u00e1 basada en desarrollos de c\u00f3digo abierto, como eyeOS, Openmeetings, Xen, Nuba, etc. flexible y que permitir\u00e1 incorporar desarrollos externos seg\u00fan sea necesario.<\/p>\n","protected":false},"excerpt":{"rendered":"<p>El proyecto se basa en el aprovechamiento del potencial de la computaci\u00f3n cloud en el \u00e1mbito educativo, en sus caracter\u00edsticas m\u00e1s destacadas:&nbsp;Software como servicio (SaaS), donde el software educativo no est\u00e1 instalado en los PCs de forma individual, sino accesible desde la Red para todos los miembros de la comunidad educativa.Plataforma como servicio (PaaS), facilitando &hellip; <a href=\"https:\/\/e-learning.cesga.es\/escolasnanube\/es\/tecnologia-2\/\" class=\"more-link\">Seguir leyendo <span class=\"screen-reader-text\">Tecnolog\u00eda<\/span> <span class=\"meta-nav\">&rarr;<\/span><\/a><\/p>\n","protected":false},"author":1,"featured_media":0,"parent":0,"menu_order":0,"comment_status":"closed","ping_status":"closed","template":"","meta":{"_mi_skip_tracking":false},"_links":{"self":[{"href":"https:\/\/e-learning.cesga.es\/escolasnanube\/wp-json\/wp\/v2\/pages\/233"}],"collection":[{"href":"https:\/\/e-learning.cesga.es\/escolasnanube\/wp-json\/wp\/v2\/pages"}],"about":[{"href":"https:\/\/e-learning.cesga.es\/escolasnanube\/wp-json\/wp\/v2\/types\/page"}],"author":[{"embeddable":true,"href":"https:\/\/e-learning.cesga.es\/escolasnanube\/wp-json\/wp\/v2\/users\/1"}],"replies":[{"embeddable":true,"href":"https:\/\/e-learning.cesga.es\/escolasnanube\/wp-json\/wp\/v2\/comments?post=233"}],"version-history":[{"count":1,"href":"https:\/\/e-learning.cesga.es\/escolasnanube\/wp-json\/wp\/v2\/pages\/233\/revisions"}],"predecessor-version":[{"id":234,"href":"https:\/\/e-learning.cesga.es\/escolasnanube\/wp-json\/wp\/v2\/pages\/233\/revisions\/234"}],"wp:attachment":[{"href":"https:\/\/e-learning.cesga.es\/escolasnanube\/wp-json\/wp\/v2\/media?parent=233"}],"curies":[{"name":"wp","href":"https:\/\/api.w.org\/{rel}","templated":true}]}}