{"id":224,"date":"2023-04-24T07:27:20","date_gmt":"2023-04-24T07:27:20","guid":{"rendered":"https:\/\/e-learning.cesga.es\/escolasnanube\/?page_id=224"},"modified":"2023-04-24T07:27:20","modified_gmt":"2023-04-24T07:27:20","slug":"proyecto-2","status":"publish","type":"page","link":"https:\/\/e-learning.cesga.es\/escolasnanube\/es\/proyecto-2\/","title":{"rendered":"Proyecto"},"content":{"rendered":"\n<p> <p>El <a rel=\"noopener\" href=\"http:\/\/www.cesga.es\" target=\"_blank\">Centro de Supercomputaci\u00f3n de Galicia<\/a> y la empresa gallega <a rel=\"noopener\" href=\"http:\/\/www.balidea.com\" target=\"_blank\">Balidea Consulting and Programming<\/a> est\u00e1n colaborando en el dise\u00f1o, desarrollo e implementaci\u00f3n de una \u00abRed de Escuelas en la Nube\u00bb basada en las tecnolog\u00edas y formas de trabajo en la nube (computaci\u00f3n cloud).<\/p>   <p>Este proyecto de innovaci\u00f3n educativa cuenta con el apoyo de la Xunta de Galicia. El proyecto contin\u00faa el camino empezado por el proyecto de investigaci\u00f3n \u00ab<a rel=\"noopener\" href=\"http:\/\/rural.cesga.es\" target=\"_blank\">Rural Schools &amp; Cloud Computing<\/a>\u00ab, y empieza en el curso 2012 con la participaci\u00f3n de 22 escuelas rurales, agrupadas en 4 C.R.A. (Colegio Rural Agrupado) de Galicia<\/p>   <p>El <strong>objectivo<\/strong> general del proyecto es el dise\u00f1o y validaci\u00f3n de un producto tecnol\u00f3gico de alta calidad y bajo coste que permita la utilizaci\u00f3n de las TIC de forma efectiva para la mejora del aprendizaje y la colaboraci\u00f3n en peque\u00f1as escuelas rurales, basada en soluciones cloud computing, virtualizaci\u00f3n e software libre.<br>El proyecto pretende la puesta en el mercado de una soluci\u00f3n que cuente con una aplicaci\u00f3n ligera mediante navegador web para los usuarios finales (alumnos de diferentes edades, maestros, familias) utilizando una arquitectura \u00e1gil para responder a conexiones de baja calidad, m\u00faltiples accesos concurrentes y diversidad de dispositivos de acceso, donde implementar las soluciones y servicios espec\u00edficos de la escuela para que se ejecuten en infraestructuras remotas y se env\u00eden a todos los usuarios a trav\u00e9s de servidores tambi\u00e9n remotos en Internet. Diferentes escuelas podr\u00e1n tener sus \u00e1reas de colaboraci\u00f3n y \u00e1reas propias de servicios virtuales<\/p>   <p><strong>\u00bfQue queremos conseguir con Red de Escuelas en la Nube?<\/strong><br>1) integrar zonas aisladas geogr\u00e1ficamente y fomentar la participaci\u00f3n de las familias en la educaci\u00f3n de sus hijos.<br>2) Ofrecer visibilidad a los padres de las actividades de los hijos y fomentar la cultura de la colaboraci\u00f3n y participaci\u00f3n.<br>3) Crear un entorno social virtual para la red de colegios donde se pueda compartir, aprender y pedir ayuda sobre el proyecto, su implementaci\u00f3n y evoluci\u00f3n. Este entorno deber\u00eda compartir la filosof\u00eda de apredizaje y colaboraci\u00f3n socual de la \u00abnube\u00bb y permitir el acceso e intercambio entre los distintos centros desde sus \u00abnubes\u00bb individuales.<br>4) Dise\u00f1ar e implementar un sistema de evaluaci\u00f3n continua, de revisi\u00f3n de la efectividad de la soluci\u00f3n e de satisfacci\u00f3n de la comunidad educativa, para garantizar que la soluci\u00f3n contribuya de manera efectiva y mesurable en la educaci\u00f3n de los alumnos e en la colaboraci\u00f3n y comunicaci\u00f3n entres docentes y el resto de la comunidad educativa.<br>5) Evaluar la extensi\u00f3n del modelo a otros niveles educativos como ciclos formativos, centros universitarios, etc&#8230;<br>6) Realizar tareas de difusi\u00f3n y colaboraci\u00f3n con otras comunidades educativas a nivel mundial para la transferencia del conocimiento y desarrollo de mejoras de la soluci\u00f3n.<\/p> <\/p>\n","protected":false},"excerpt":{"rendered":"<p>El Centro de Supercomputaci\u00f3n de Galicia y la empresa gallega Balidea Consulting and Programming est\u00e1n colaborando en el dise\u00f1o, desarrollo e implementaci\u00f3n de una \u00abRed de Escuelas en la Nube\u00bb basada en las tecnolog\u00edas y formas de trabajo en la nube (computaci\u00f3n cloud). Este proyecto de innovaci\u00f3n educativa cuenta con el apoyo de la Xunta &hellip; <a href=\"https:\/\/e-learning.cesga.es\/escolasnanube\/es\/proyecto-2\/\" class=\"more-link\">Seguir leyendo <span class=\"screen-reader-text\">Proyecto<\/span> <span class=\"meta-nav\">&rarr;<\/span><\/a><\/p>\n","protected":false},"author":1,"featured_media":0,"parent":0,"menu_order":0,"comment_status":"closed","ping_status":"closed","template":"","meta":{"_mi_skip_tracking":false},"_links":{"self":[{"href":"https:\/\/e-learning.cesga.es\/escolasnanube\/wp-json\/wp\/v2\/pages\/224"}],"collection":[{"href":"https:\/\/e-learning.cesga.es\/escolasnanube\/wp-json\/wp\/v2\/pages"}],"about":[{"href":"https:\/\/e-learning.cesga.es\/escolasnanube\/wp-json\/wp\/v2\/types\/page"}],"author":[{"embeddable":true,"href":"https:\/\/e-learning.cesga.es\/escolasnanube\/wp-json\/wp\/v2\/users\/1"}],"replies":[{"embeddable":true,"href":"https:\/\/e-learning.cesga.es\/escolasnanube\/wp-json\/wp\/v2\/comments?post=224"}],"version-history":[{"count":1,"href":"https:\/\/e-learning.cesga.es\/escolasnanube\/wp-json\/wp\/v2\/pages\/224\/revisions"}],"predecessor-version":[{"id":225,"href":"https:\/\/e-learning.cesga.es\/escolasnanube\/wp-json\/wp\/v2\/pages\/224\/revisions\/225"}],"wp:attachment":[{"href":"https:\/\/e-learning.cesga.es\/escolasnanube\/wp-json\/wp\/v2\/media?parent=224"}],"curies":[{"name":"wp","href":"https:\/\/api.w.org\/{rel}","templated":true}]}}